{"id":15,"date":"2016-08-22T13:13:28","date_gmt":"2016-08-22T11:13:28","guid":{"rendered":"http:\/\/aszpol.pl\/?page_id=15"},"modified":"2016-08-22T13:13:28","modified_gmt":"2016-08-22T11:13:28","slug":"lozyska","status":"publish","type":"page","link":"http:\/\/aszpol.pl\/?page_id=15","title":{"rendered":"\u0141o\u017cyska"},"content":{"rendered":"<p>\u0141o\u017cyska do maszyn.<\/p>\n","protected":false},"excerpt":{"rendered":"<p>\u0141o\u017cyska do maszyn.<\/p>\n","protected":false},"author":1,"featured_media":0,"parent":0,"menu_order":0,"comment_status":"closed","ping_status":"closed","template":"","meta":{"footnotes":""},"class_list":["post-15","page","type-page","status-publish","hentry"],"_links":{"self":[{"href":"http:\/\/aszpol.pl\/index.php?rest_route=\/wp\/v2\/pages\/15","targetHints":{"allow":["GET"]}}],"collection":[{"href":"http:\/\/aszpol.pl\/index.php?rest_route=\/wp\/v2\/pages"}],"about":[{"href":"http:\/\/aszpol.pl\/index.php?rest_route=\/wp\/v2\/types\/page"}],"author":[{"embeddable":true,"href":"http:\/\/aszpol.pl\/index.php?rest_route=\/wp\/v2\/users\/1"}],"replies":[{"embeddable":true,"href":"http:\/\/aszpol.pl\/index.php?rest_route=%2Fwp%2Fv2%2Fcomments&post=15"}],"version-history":[{"count":1,"href":"http:\/\/aszpol.pl\/index.php?rest_route=\/wp\/v2\/pages\/15\/revisions"}],"predecessor-version":[{"id":16,"href":"http:\/\/aszpol.pl\/index.php?rest_route=\/wp\/v2\/pages\/15\/revisions\/16"}],"wp:attachment":[{"href":"http:\/\/aszpol.pl\/index.php?rest_route=%2Fwp%2Fv2%2Fmedia&parent=15"}],"curies":[{"name":"wp","href":"https:\/\/api.w.org\/{rel}","templated":true}]}}