{"id":33,"date":"2016-08-22T13:20:00","date_gmt":"2016-08-22T11:20:00","guid":{"rendered":"http:\/\/aszpol.pl\/?page_id=33"},"modified":"2023-11-26T22:08:38","modified_gmt":"2023-11-26T21:08:38","slug":"kontakt","status":"publish","type":"page","link":"http:\/\/aszpol.pl\/?page_id=33","title":{"rendered":"Kontakt"},"content":{"rendered":"<h2 style=\"text-align: justify;\">FHU Piotr Aszyjczyk<br \/>\nBia\u0142cz ul. Gorzowska 57<br \/>\n66-460 Witnica<\/h2>\n<h2>Sk\u0142ad opa\u0142u:<\/h2>\n<p><span style=\"font-size: 18pt;\"><strong>tel\u00a0 609 121 303<\/strong><\/span><\/p>\n<p>&nbsp;<\/p>\n<p>CENNIK ZNAJDUJE SI\u0118 W ZAK\u0141ADCE ,,SK\u0141AD OPA\u0141U&#8221;<\/p>\n","protected":false},"excerpt":{"rendered":"<p>FHU Piotr Aszyjczyk Bia\u0142cz ul. Gorzowska 57 66-460 Witnica Sk\u0142ad opa\u0142u: tel\u00a0 609 121 303 &nbsp; CENNIK ZNAJDUJE SI\u0118 W ZAK\u0141ADCE ,,SK\u0141AD OPA\u0141U&#8221;<\/p>\n","protected":false},"author":1,"featured_media":0,"parent":0,"menu_order":0,"comment_status":"closed","ping_status":"closed","template":"","meta":{"footnotes":""},"class_list":["post-33","page","type-page","status-publish","hentry"],"_links":{"self":[{"href":"http:\/\/aszpol.pl\/index.php?rest_route=\/wp\/v2\/pages\/33","targetHints":{"allow":["GET"]}}],"collection":[{"href":"http:\/\/aszpol.pl\/index.php?rest_route=\/wp\/v2\/pages"}],"about":[{"href":"http:\/\/aszpol.pl\/index.php?rest_route=\/wp\/v2\/types\/page"}],"author":[{"embeddable":true,"href":"http:\/\/aszpol.pl\/index.php?rest_route=\/wp\/v2\/users\/1"}],"replies":[{"embeddable":true,"href":"http:\/\/aszpol.pl\/index.php?rest_route=%2Fwp%2Fv2%2Fcomments&post=33"}],"version-history":[{"count":11,"href":"http:\/\/aszpol.pl\/index.php?rest_route=\/wp\/v2\/pages\/33\/revisions"}],"predecessor-version":[{"id":106,"href":"http:\/\/aszpol.pl\/index.php?rest_route=\/wp\/v2\/pages\/33\/revisions\/106"}],"wp:attachment":[{"href":"http:\/\/aszpol.pl\/index.php?rest_route=%2Fwp%2Fv2%2Fmedia&parent=33"}],"curies":[{"name":"wp","href":"https:\/\/api.w.org\/{rel}","templated":true}]}}